{"id":4580,"date":"2019-11-21T16:08:13","date_gmt":"2019-11-21T16:08:13","guid":{"rendered":"https:\/\/xyov.dkwebservice.de\/?page_id=4580"},"modified":"2019-11-21T16:08:13","modified_gmt":"2019-11-21T16:08:13","slug":"impressum","status":"publish","type":"page","link":"https:\/\/osterfeld.dkwebservice.de\/?page_id=4580","title":{"rendered":"Impressum"},"content":{"rendered":"<p>[et_pb_section fb_built=&#8220;1&#8243; _builder_version=&#8220;4.0.6&#8243;][et_pb_row _builder_version=&#8220;4.0.6&#8243;][et_pb_column _builder_version=&#8220;4.0.6&#8243; type=&#8220;4_4&#8243;][et_pb_text _builder_version=&#8220;4.0.6&#8243; hover_enabled=&#8220;0&#8243;]<\/p>\n<h1>Impressum<\/h1>\n<h3>Angaben gem\u00e4\u00df \u00a7 5 TMG:<\/h3>\n<p><strong>SPD Stadtverband L\u00fcnen<\/strong><br \/>Stadttorstr. 5<br \/>44532 L\u00fcnen<br \/>Tel.: 0 23 06 15 29<br \/>Fax: 0 23 06 15 89<br \/>E-Mail: stadtverband (at) spdluenen.de<\/p>\n<p><strong>\u00d6ffnungszeiten<\/strong><\/p>\n<ul>\n<li>Mo: 08:00 Uhr \u2013 16:00 Uhr<\/li>\n<li>Di: 08:00 Uhr \u2013 16:00 Uhr<\/li>\n<li>Mi: 08:00 Uhr \u2013 16:00 Uhr<\/li>\n<li>Do: 08:00 Uhr \u2013 16:00 Uhr<\/li>\n<li>Fr: 08:00 Uhr \u2013 12:00 Uhr<\/li>\n<\/ul>\n<h3>Verantwortlich f\u00fcr den Inhalt nach \u00a7 55 Abs. 2 RStV:<\/h3>\n<p><strong>Norber Jan\u00dfen<\/strong><br \/>Stadttorstr. 5<br \/>44532 L\u00fcnen<\/p>\n<p><strong>Fotos<\/strong><br \/>Michael Thews<\/p>\n<h3>Haftungsausschluss (Disclaimer)<\/h3>\n<h3>Haftung f\u00fcr Inhalte<\/h3>\n<p>Als Diensteanbieter sind wir gem\u00e4\u00df \u00a7 7 Abs.1 TMG f\u00fcr eigene Inhalte auf diesen Seiten nach den allgemeinen Gesetzen verantwortlich. Nach \u00a7\u00a7 8 bis 10 TMG sind wir als Diensteanbieter jedoch nicht verpflichtet, \u00fcbermittelte oder gespeicherte fremde Informationen zu \u00fcberwachen oder nach Umst\u00e4nden zu forschen, die auf eine rechtswidrige T\u00e4tigkeit hinweisen.<\/p>\n<p>Verpflichtungen zur Entfernung oder Sperrung der Nutzung von Informationen nach den allgemeinen Gesetzen bleiben hiervon unber\u00fchrt. Eine diesbez\u00fcgliche Haftung ist jedoch erst ab dem Zeitpunkt der Kenntnis einer konkreten Rechtsverletzung m\u00f6glich. Bei Bekanntwerden von entsprechenden Rechtsverletzungen werden wir diese Inhalte umgehend entfernen.<\/p>\n<h3>Haftung f\u00fcr Links<\/h3>\n<p>Unser Angebot enth\u00e4lt Links zu externen Webseiten Dritter, auf deren Inhalte wir keinen Einfluss haben. Deshalb k\u00f6nnen wir f\u00fcr diese fremden Inhalte auch keine Gew\u00e4hr \u00fcbernehmen. F\u00fcr die Inhalte der verlinkten Seiten ist stets der jeweilige Anbieter oder Betreiber der Seiten verantwortlich. Die verlinkten Seiten wurden zum Zeitpunkt der Verlinkung auf m\u00f6gliche Rechtsverst\u00f6\u00dfe \u00fcberpr\u00fcft. Rechtswidrige Inhalte waren zum Zeitpunkt der Verlinkung nicht erkennbar.<\/p>\n<p>Eine permanente inhaltliche Kontrolle der verlinkten Seiten ist jedoch ohne konkrete Anhaltspunkte einer Rechtsverletzung nicht zumutbar. Bei Bekanntwerden von Rechtsverletzungen werden wir derartige Links umgehend entfernen.<\/p>\n<p>&nbsp;<\/p>\n<h3>Urheberrecht<\/h3>\n<p>Die durch die Seitenbetreiber erstellten Inhalte und Werke auf diesen Seiten unterliegen dem deutschen Urheberrecht. Die Vervielf\u00e4ltigung, Bearbeitung, Verbreitung und jede Art der Verwertung au\u00dferhalb der Grenzen des Urheberrechtes bed\u00fcrfen der schriftlichen Zustimmung des jeweiligen Autors bzw. Erstellers. Downloads und Kopien dieser Seite sind nur f\u00fcr den privaten, nicht kommerziellen Gebrauch gestattet.<\/p>\n<p>Soweit die Inhalte auf dieser Seite nicht vom Betreiber erstellt wurden, werden die Urheberrechte Dritter beachtet. Insbesondere werden Inhalte Dritter als solche gekennzeichnet. Sollten Sie trotzdem auf eine Urheberrechtsverletzung aufmerksam werden, bitten wir um einen entsprechenden Hinweis. Bei Bekanntwerden von Rechtsverletzungen werden wir derartige Inhalte umgehend entfernen.<\/p>\n<p><strong><a href=\"https:\/\/spd-luenen.de\/datenschutz\/\" target=\"_blank\" rel=\"noopener noreferrer\">Datenschutz<\/a><\/strong><\/p>\n<p>Quelle: <em><a href=\"https:\/\/www.e-recht24.de\/\" target=\"_blank\" rel=\"noopener noreferrer\">eRecht24<\/a><\/em><\/p>\n<p>[\/et_pb_text][\/et_pb_column][\/et_pb_row][\/et_pb_section]<\/p>\n","protected":false},"excerpt":{"rendered":"<p>Impressum Angaben gem\u00e4\u00df \u00a7 5 TMG: SPD Stadtverband L\u00fcnenStadttorstr. 544532 L\u00fcnenTel.: 0 23 06 15 29Fax: 0 23 06 15 89E-Mail: stadtverband (at) spdluenen.de \u00d6ffnungszeiten Mo: 08:00 Uhr \u2013 16:00 Uhr Di: 08:00 Uhr \u2013 16:00 Uhr Mi: 08:00 Uhr \u2013 16:00 Uhr Do: 08:00 Uhr \u2013 16:00 Uhr Fr: 08:00 Uhr \u2013 12:00 Uhr [&hellip;]<\/p>\n","protected":false},"author":1,"featured_media":0,"parent":0,"menu_order":0,"comment_status":"closed","ping_status":"closed","template":"","meta":{"_et_pb_use_builder":"on","_et_pb_old_content":"","_et_gb_content_width":"","footnotes":""},"class_list":["post-4580","page","type-page","status-publish","hentry"],"yoast_head":"<!-- This site is optimized with the Yoast SEO plugin v27.4 - https:\/\/yoast.com\/product\/yoast-seo-wordpress\/ -->\n<title>Impressum - SPD Osterfeld<\/title>\n<meta name=\"robots\" content=\"noindex, follow, max-snippet:-1, max-image-preview:large, max-video-preview:-1\" \/>\n<meta property=\"og:locale\" content=\"de_DE\" \/>\n<meta property=\"og:type\" content=\"article\" \/>\n<meta property=\"og:title\" content=\"Impressum - SPD Osterfeld\" \/>\n<meta property=\"og:description\" content=\"Impressum Angaben gem\u00e4\u00df \u00a7 5 TMG: SPD Stadtverband L\u00fcnenStadttorstr. 544532 L\u00fcnenTel.: 0 23 06 15 29Fax: 0 23 06 15 89E-Mail: stadtverband (at) spdluenen.de \u00d6ffnungszeiten Mo: 08:00 Uhr \u2013 16:00 Uhr Di: 08:00 Uhr \u2013 16:00 Uhr Mi: 08:00 Uhr \u2013 16:00 Uhr Do: 08:00 Uhr \u2013 16:00 Uhr Fr: 08:00 Uhr \u2013 12:00 Uhr [&hellip;]\" \/>\n<meta property=\"og:url\" content=\"https:\/\/osterfeld.dkwebservice.de\/?page_id=4580\" \/>\n<meta property=\"og:site_name\" content=\"SPD Osterfeld\" \/>\n<meta name=\"twitter:card\" content=\"summary_large_image\" \/>\n<meta name=\"twitter:label1\" content=\"Gesch\u00e4tzte Lesezeit\" \/>\n\t<meta name=\"twitter:data1\" content=\"2\u00a0Minuten\" \/>\n<script type=\"application\/ld+json\" class=\"yoast-schema-graph\">{\"@context\":\"https:\\\/\\\/schema.org\",\"@graph\":[{\"@type\":\"WebPage\",\"@id\":\"https:\\\/\\\/osterfeld.dkwebservice.de\\\/?page_id=4580\",\"url\":\"https:\\\/\\\/osterfeld.dkwebservice.de\\\/?page_id=4580\",\"name\":\"Impressum - SPD Osterfeld\",\"isPartOf\":{\"@id\":\"https:\\\/\\\/osterfeld.dkwebservice.de\\\/#website\"},\"datePublished\":\"2019-11-21T16:08:13+00:00\",\"breadcrumb\":{\"@id\":\"https:\\\/\\\/osterfeld.dkwebservice.de\\\/?page_id=4580#breadcrumb\"},\"inLanguage\":\"de\",\"potentialAction\":[{\"@type\":\"ReadAction\",\"target\":[\"https:\\\/\\\/osterfeld.dkwebservice.de\\\/?page_id=4580\"]}]},{\"@type\":\"BreadcrumbList\",\"@id\":\"https:\\\/\\\/osterfeld.dkwebservice.de\\\/?page_id=4580#breadcrumb\",\"itemListElement\":[{\"@type\":\"ListItem\",\"position\":1,\"name\":\"Home\",\"item\":\"https:\\\/\\\/osterfeld.dkwebservice.de\\\/\"},{\"@type\":\"ListItem\",\"position\":2,\"name\":\"Impressum\"}]},{\"@type\":\"WebSite\",\"@id\":\"https:\\\/\\\/osterfeld.dkwebservice.de\\\/#website\",\"url\":\"https:\\\/\\\/osterfeld.dkwebservice.de\\\/\",\"name\":\"SPD Osterfeld\",\"description\":\"\",\"potentialAction\":[{\"@type\":\"SearchAction\",\"target\":{\"@type\":\"EntryPoint\",\"urlTemplate\":\"https:\\\/\\\/osterfeld.dkwebservice.de\\\/?s={search_term_string}\"},\"query-input\":{\"@type\":\"PropertyValueSpecification\",\"valueRequired\":true,\"valueName\":\"search_term_string\"}}],\"inLanguage\":\"de\"}]}<\/script>\n<!-- \/ Yoast SEO plugin. -->","yoast_head_json":{"title":"Impressum - SPD Osterfeld","robots":{"index":"noindex","follow":"follow","max-snippet":"max-snippet:-1","max-image-preview":"max-image-preview:large","max-video-preview":"max-video-preview:-1"},"og_locale":"de_DE","og_type":"article","og_title":"Impressum - SPD Osterfeld","og_description":"Impressum Angaben gem\u00e4\u00df \u00a7 5 TMG: SPD Stadtverband L\u00fcnenStadttorstr. 544532 L\u00fcnenTel.: 0 23 06 15 29Fax: 0 23 06 15 89E-Mail: stadtverband (at) spdluenen.de \u00d6ffnungszeiten Mo: 08:00 Uhr \u2013 16:00 Uhr Di: 08:00 Uhr \u2013 16:00 Uhr Mi: 08:00 Uhr \u2013 16:00 Uhr Do: 08:00 Uhr \u2013 16:00 Uhr Fr: 08:00 Uhr \u2013 12:00 Uhr [&hellip;]","og_url":"https:\/\/osterfeld.dkwebservice.de\/?page_id=4580","og_site_name":"SPD Osterfeld","twitter_card":"summary_large_image","twitter_misc":{"Gesch\u00e4tzte Lesezeit":"2\u00a0Minuten"},"schema":{"@context":"https:\/\/schema.org","@graph":[{"@type":"WebPage","@id":"https:\/\/osterfeld.dkwebservice.de\/?page_id=4580","url":"https:\/\/osterfeld.dkwebservice.de\/?page_id=4580","name":"Impressum - SPD Osterfeld","isPartOf":{"@id":"https:\/\/osterfeld.dkwebservice.de\/#website"},"datePublished":"2019-11-21T16:08:13+00:00","breadcrumb":{"@id":"https:\/\/osterfeld.dkwebservice.de\/?page_id=4580#breadcrumb"},"inLanguage":"de","potentialAction":[{"@type":"ReadAction","target":["https:\/\/osterfeld.dkwebservice.de\/?page_id=4580"]}]},{"@type":"BreadcrumbList","@id":"https:\/\/osterfeld.dkwebservice.de\/?page_id=4580#breadcrumb","itemListElement":[{"@type":"ListItem","position":1,"name":"Home","item":"https:\/\/osterfeld.dkwebservice.de\/"},{"@type":"ListItem","position":2,"name":"Impressum"}]},{"@type":"WebSite","@id":"https:\/\/osterfeld.dkwebservice.de\/#website","url":"https:\/\/osterfeld.dkwebservice.de\/","name":"SPD Osterfeld","description":"","potentialAction":[{"@type":"SearchAction","target":{"@type":"EntryPoint","urlTemplate":"https:\/\/osterfeld.dkwebservice.de\/?s={search_term_string}"},"query-input":{"@type":"PropertyValueSpecification","valueRequired":true,"valueName":"search_term_string"}}],"inLanguage":"de"}]}},"_links":{"self":[{"href":"https:\/\/osterfeld.dkwebservice.de\/index.php?rest_route=\/wp\/v2\/pages\/4580","targetHints":{"allow":["GET"]}}],"collection":[{"href":"https:\/\/osterfeld.dkwebservice.de\/index.php?rest_route=\/wp\/v2\/pages"}],"about":[{"href":"https:\/\/osterfeld.dkwebservice.de\/index.php?rest_route=\/wp\/v2\/types\/page"}],"author":[{"embeddable":true,"href":"https:\/\/osterfeld.dkwebservice.de\/index.php?rest_route=\/wp\/v2\/users\/1"}],"replies":[{"embeddable":true,"href":"https:\/\/osterfeld.dkwebservice.de\/index.php?rest_route=%2Fwp%2Fv2%2Fcomments&post=4580"}],"version-history":[{"count":2,"href":"https:\/\/osterfeld.dkwebservice.de\/index.php?rest_route=\/wp\/v2\/pages\/4580\/revisions"}],"predecessor-version":[{"id":4582,"href":"https:\/\/osterfeld.dkwebservice.de\/index.php?rest_route=\/wp\/v2\/pages\/4580\/revisions\/4582"}],"wp:attachment":[{"href":"https:\/\/osterfeld.dkwebservice.de\/index.php?rest_route=%2Fwp%2Fv2%2Fmedia&parent=4580"}],"curies":[{"name":"wp","href":"https:\/\/api.w.org\/{rel}","templated":true}]}}